) = -n**2 - 8*n - 9. Determine k(-5).
6
Let x(s) = -2*s**2 + 2*s + 3. Calculate x(-2).
-9
Let l(g) = -8*g - 14. Calculate l(6).
-62
Let s(l) = -2*l - 3. Give s(4).
-11
Let z(m) = -8*m + 52. Give z(6).
4
Let z(o) = -3*o - 31. What is z(-9)?
-4
Let c(w) = -w**3 - 7*w**2 - 8*w + 11. Give c(-4).
-5
Let s(v) = -15*v - 2. Calculate s(-2).
28
Let a(g) = -2*g - 1. What is a(3)?
-7
Let p(t) = -t**3 + 17*t**2 - 2*t + 25. Calculate p(17).
-9
Let i(n) = -n**2 - 8*n - 7. Determine i(-8).
-7
Let k(y) = y**2 + 43*y - 7. What is k(-43)?
-7
Let n(b) = -b**3 + 9*b**2 - 12*b. Give n(8).
-32
Let q(n) = 2*n**2 - 118*n + 108. Calculate q(58).
-8
Let o(m) = -3*m**2 + 32*m - 16. What is o(10)?
4
Let p(n) = 9*n + 6. Calculate p(4).
42
Let m(k) = k**3 + k**2 + 3. Determine m(-3).
-15
Let n(f) = -14*f**2 + 14*f - 15. Give n(1).
-15
Let n(c) = -c**2 - 34*c - 196. What is n(-25)?
29
Let f(l) = l**3 + 44*l**2 - 42*l + 134. Calculate f(-45).
-1
Let j(n) = -n**3 - 10*n**2 - n + 5. Calculate j(-10).
15
Let u(o) = 2*o - 23. Calculate u(10).
-3
Let c(o) = 2*o**3 - 27*o**2 - 14*o - 8. Give c(14).
-8
Let u(r) = -7*r - 10. Give u(-1).
-3
Let i(n) = 2*n + 5. Calculate i(-8).
-11
Let z(j) = 7*j**2 + 4*j - 2. Calculate z(1).
9
Let o(p) = p**3 + 16*p**2 + 15*p - 11. What is o(-15)?
-11
Let b(k) = 10*k**2 + 179*k - 23. Give b(-18).
-5
Let v(w) = -w**3 + 12*w**2 - 2*w - 11. Give v(12).
-35
Let t(r) = r**2 + 9*r - 5. Give t(-6).
-23
Let y(w) = 7*w - 5. Calculate y(4).
23
Let k(q) = -21*q - 958. Give k(-46).
8
Let j(u) = u**3 + 5*u**2 - 11*u - 7. Give j(-6).
23
Let m(p) = 12*p**2 - 4*p - 5. Give m(-1).
11
Let n(a) = -a**2 - 9*a - 5. Calculate n(-7).
9
Let b(j) = 8*j**2 + 23*j - 17. What is b(-4)?
19
Let q(y) = y**3 - 21*y**2 - 17*y - 2. Give q(22).
108
Let u(r) = 9*r + 8. Give u(-2).
-10
Let n(s) = 3*s**3 + 3*s**2 - 5*s - 4. What is n(-3)?
-43
Let x(k) = k**2 + 6*k + 4. Calculate x(-5).
-1
Let d(r) = -r**2 - 40*r - 25. Calculate d(0).
-25
Let g(n) = 2*n**2 + 39*n + 4. Calculate g(-19).
-15
Let v(q) = q**2 - 10*q. Calculate v(7).
-21
Let f(a) = a**3 - 7*a**2 + 7*a - 10. Calculate f(7).
39
Let m(n) = -2*n - 21. Calculate m(23).
-67
Let s(h) = 43*h + 1. Give s(-1).
-42
Let v(y) = 8*y - 5. What is v(26)?
203
Let y(o) = -o**3 + 8*o**2 - 15*o + 7. What is y(5)?
7
Let j(c) = c**3 + 9*c**2 - 5*c - 80. Calculate j(-9).
-35
Let m(f) = 4*f - 15. Calculate m(10).
25
Let g(v) = 4*v**3 + 9*v**2. Give g(-4).
-112
Let x(i) = 5*i + 9. Determine x(0).
9
Let x(m) = 2*m**3 + 9*m**2 - 6*m - 6. What is x(-5)?
-1
Let u(k) = -k**2 + 9*k + 10. Calculate u(10).
0
Let v(k) = -6*k**2 + k. What is v(2)?
-22
Let r(u) = u**3 + 11*u**2 + 9*u + 1. What is r(-10)?
11
Let d(f) = -6*f**2 - 29*f + 8. What is d(-5)?
3
Let b(l) = -13*l + 33. Determine b(4).
-19
Let h(c) = -c**3 - 7*c**2 + 9*c + 17. Determine h(-8).
9
Let p(l) = -17*l**3 - 1. What is p(1)?
-18
Let v(o) = 29*o - 143. Calculate v(6).
31
Let g(w) = w**3 - 4*w**2 - 3*w - 5. Give g(5).
5
Let g(z) = 2*z**3 + 10*z**2 + z - 34. Give g(-6).
-112
Let g(v) = -v**3 + 16*v**2 + 2*v - 32. What is g(16)?
0
Let o(a) = -a**3 - 20*a**2 - 13*a + 38. Determine o(-19).
-76
Let t(j) = -j**2 + 15*j - 56. What is t(13)?
-30
Let s(q) = 38*q - 38. Determine s(1).
0
Let t(k) = 5*k**2 - k. What is t(2)?
18
Let p(w) = -6*w - 188. Calculate p(-31).
-2
Let x(a) = -a**3 - 9*a**2 + 12*a + 26. Calculate x(-10).
6
Let d(c) = 14*c**2 + 224*c - 4. Give d(-16).
-4
Let b(r) = 13*r - 107. Determine b(8).
-3
Let k(o) = -18*o + 13. What is k(-1)?
31
Let r(n) = -23*n**2 - n - 4. What is r(-2)?
-94
Let d(t) = -12*t - 3. Determine d(1).
-15
Let a(x) = -x**3 + 9*x**2 - 13*x + 3. What is a(8)?
-37
Let r(m) = m**3 - 13*m**2 - 14*m + 22. What is r(14)?
22
Let i(k) = -2*k + 10. Determine i(8).
-6
Let z(a) = 3*a + 27. What is z(-8)?
3
Let f(t) = -t**2 - 3*t - 11. Calculate f(0).
-11
Let l(y) = y - 6. What is l(-15)?
-21
Let d(y) = -20*y**3 + 8*y + 7. Calculate d(-1).
19
Let p(t) = t**2 + 10*t + 13. Calculate p(-10).
13
Let p(k) = -k**3 - 24*k**2 - 28*k - 122. Give p(-23).
-7
Let f(y) = 14*y - 19. Determine f(3).
23
Let w(s) = 8*s - 4. Determine w(-3).
-28
Let x(k) = k**3 - 25*k**2 + 28*k - 57. Determine x(24).
39
Let v(m) = -2*m**2 + 19*m + 5. What is v(10)?
-5
Let i(q) = -7*q + 51. Give i(8).
-5
Let w(i) = -9*i**2 - 2*i + 3. Determine w(1).
-8
Let h(z) = -3*z**2 + 3*z - 3. Determine h(2).
-9
Let h(o) = -o**3 + 14*o**2 - 51*o + 28. Determine h(8).
4
Let v(r) = -4*r - 21. Give v(-6).
3
Let v(f) = -8*f**2 + 2. What is v(-2)?
-30
Let p(x) = x - 15. Give p(11).
-4
Let j(a) = -3*a + 9. What is j(12)?
-27
Let f(n) = n - 9. Determine f(4).
-5
Let s(z) = -3*z**3 + 5*z**2 - 3*z - 2. Determine s(2).
-12
Let u(s) = 7*s + 16. What is u(-5)?
-19
Let d(j) = j**2 + j + 1. What is d(-4)?
13
Let t(d) = -d + 4. Give t(-4).
8
Let c(o) = o - 2. Calculate c(-3).
-5
Let v(h) = -3*h**2 - 2*h + 1. What is v(-4)?
-39
Let s(p) = 4*p - 6. What is s(-2)?
-14
Let w(s) = -5*s + 22. Calculate w(8).
-18
Let b(o) = -o**3 - 16*o**2 - 19*o - 36. What is b(-15)?
24
Let k(s) = 16*s - 31. What is k(7)?
81
Let j(z) = -z**3 + 4*z**2 + 6*z + 1. What is j(5)?
6
Let r(z) = z**3 + 12*z**2 - 15. Determine r(-12).
-15
Let l(n) = 41*n - 36. Determine l(1).
5
Let x(p) = -p - 12. What is x(7)?
-19
Let k(r) = -4*r**2 - 20*r - 12. Determine k(-5).
-12
Let y(z) = -z**3 - 15*z**2 - z - 12. Calculate y(-15).
3
Let s(o) = -6*o**3 - 2*o**2 - 2*o + 2. Determine s(1).
-8
Let t(h) = -h**3 - 3*h**2 + 11*h + 3. Determine t(-6).
45
Let f(n) = -n**2 - 6*n - 14. Calculate f(-4).
-6
Let z(f) = -f**3 + 7*f**2 + 9*f - 24. Give z(7).
39
Let s(z) = -z**2 - 13*z - 15. Calculate s(-13).
-15
Let g(z) = -6*z**2 - 3*z + 4. Calculate g(3).
-59
Let i(f) = -f**3 - 5*f**2 + 8*f - 15. Give i(-7).
27
Let g(h) = h**3 + 10*h**2 + h + 7. Determine g(-10).
-3
Let h(r) = 7*r**3 + r + 2. What is h(-1)?
-6
Let n(b) = -b**2 - 8*b - 3. What is n(-9)?
-12
Let s(b) = -6*b**2 - 146*b - 33. What is s(-24)?
15
Let f(q) = -q**2 + 20*q - 23. What is f(20)?
-23
Let l(j) = 3*j**2 + 4*j - 5. What is l(-4)?
27
Let i(f) = f**2 + 42*f + 320. Calculate i(-32).
0
Let k(o) = -4*o + 158. What is k(38)?
6
Let s(n) = n**3 - 59*n**2 + 5*n - 299. Calculate s(59).
-4
Let a(l) = l**3 - 3*l**2 - 6*l + 13. Calculate a(3).
-5
Let u(t) = -21*t + 16. Calculate u(-3).
79
Let p(u) = -u**3 + 25*u**2 + 3*u - 45. What is p(25)?
30
Let q(u) = -u**2 + u + 58. Give q(-7).
2
Let m(d) = -d**3 - 2*d**2 - 2*d - 2. What is m(-4)?
38
Let g(x) = x**3 - 6*x**2 + 5. Give g(6).
5
Let v(l) = -2*l**3 - 9*l**2 + l + 19. What is v(-4)?
-1
Let y(k) = -k - 4. What is y(-4)?
0
Let r(w) = -w**2 + 5*w - 2. Calculate r(6).
-8
Let m(w) = 3*w**2 + 100*w - 66. Determine m(-34).
2
Let k(u) = 34*u. What is k(1)?
34
Let r(t) = 2*t**3 - 12*t**2 - 11*t - 15. Determine r(7).
6
Let d(j) = -j**3 + 2*j**2 + 5*j + 3. Give d(4).
-9
Let d(u) = 176*u + 2112. Determine d(-12).
0
Let m(y) = y**3 - 8*y**2 - 10*y + 19. What is m(8)?
-61
Let l(i) = -4*i - 15. What is l(-6)?
9
Let g(f) = -f**2 + 7*f - 17. What is g(3)?
-5
Let q(z) = z**3 - 22*z**2 - z + 10. Calculate q(22).
-12
Let j(i) = -i**3 + i**2 - 17*i + 32. What is j(2)?
-6
Let b(d) = 5*d - 4. Calculate b(5).
21
Let l(b) = 2*b**2 + 6*b - 3. Calculate l(-4).
5
Let w(n) = -108*n - 4. Give w(1).
-112
Let v(h) = -h**3 + 13*h**2 - 27*h - 24. Give v(10).
6
Let w(z) = -z**3 + 14*z**2 - 31*z - 12. Determine w(11).
10
Let o(b) = 16*b + 80. What is o(-6)?
-16
Let o(f) = -f**3 + 10*f**2 - 14*f. Calculate o(4).
40
Let w(s) = s**2 - 19. Determine w(-4).
-3
Let h(k) = -k**3 - 5*k**2 - 7*k + 2. Calculate h(-3).
5
Let n(o) = -2*o**3 + 14*o**2 - 14*o + 12. What is n(6)?
0
Let o(t) = -t**2 - 25*t - 109. Give o(-15).
41
Let t(j) = 2*j**3 - 3*j**2 + j - 9. Give t(2).
-3
Let x(s) = 51*s + 147. What is x(-3)?
-6
Let v(w) = w**2 - 8*w - 4. Calculate v(6).
-16
Let d(x) = 157*x - 792. Calculate d(5).
-7
Let i(u) = -u**3 - 13*u**2 - 12*u + 6. What is i(-12)?
6
Let v(b) = 76*b**2 - 2*b + 1. Calculate v(1).
75
Let u(k) = k**3 + 4*k**2 - 11*k + 9. Give u(-6).
3
Let w(h) = -h**2 - 10*h + 416. Calculate w(16).
0
Let a(d) = 4*d. What is a(-3)?
-12
Let f(v) = 12*v + 122. Determine f(-9).
14
Let y(t) = t - 37. What is y(18)?
-19
Let z(m) = 69*m - 480. Calculate z(7).
3
Let d(g) = -g**3 + 3*g**2 + 2*g + 4. Calculate d(4).
-4
Let y(a) = a**3 - 19*a